{"id":201,"date":"2025-11-05T12:00:00","date_gmt":"2025-11-05T12:00:00","guid":{"rendered":"http:\/\/localhost\/?page_id=2"},"modified":"2025-11-05T17:51:03","modified_gmt":"2025-11-05T16:51:03","slug":"inicio","status":"publish","type":"page","link":"https:\/\/disforia.syf.es\/","title":{"rendered":""},"content":{"rendered":"<p><img decoding=\"async\" src=\"https:\/\/disforia.syf.es\/wp-content\/uploads\/2025\/11\/01_inicio_dna_model.jpg\" alt=\"Modelo de ADN\" style=\"width:100%; max-width:600px; height:auto; margin:20px auto; display:block;\"\/><\/p>\n<h2>Bases Gen\u00e9ticas y Epigen\u00e9ticas de la Incongruencia de G\u00e9nero<\/h2>\n<p>Un estudio longitudinal pionero en adolescentes antes y despu\u00e9s del tratamiento con bloqueadores de la pubertad.<\/p>\n<p><img decoding=\"async\" src=\"https:\/\/disforia.syf.es\/wp-content\/uploads\/2025\/11\/02_inicio_karyotype.jpg\" alt=\"Cariotipo humano\" style=\"width:100%; max-width:700px; height:auto; margin:20px auto; display:block;\"\/><\/p>\n<h3>Sobre el Proyecto<\/h3>\n<p>Este proyecto de investigaci\u00f3n propone un estudio longitudinal pionero para investigar las bases gen\u00e9ticas y epigen\u00e9ticas de la incongruencia de g\u00e9nero en adolescentes de 12 a 16 a\u00f1os.<\/p>\n<p><img decoding=\"async\" src=\"https:\/\/disforia.syf.es\/wp-content\/uploads\/2025\/11\/03_inicio_cell_nucleus.jpg\" alt=\"N\u00facleo celular con cromosomas\" style=\"width:100%; max-width:600px; height:auto; margin:20px auto; display:block;\"\/><\/p>\n<p>El objetivo principal es caracterizar el perfil gen\u00e9tico y epigen\u00e9tico de estos j\u00f3venes en comparaci\u00f3n con un grupo de control cisg\u00e9nero, y evaluar los cambios epigen\u00e9ticos inducidos por el tratamiento con bloqueadores de la pubertad a lo largo de 12 meses.<\/p>\n<p><img decoding=\"async\" src=\"https:\/\/disforia.syf.es\/wp-content\/uploads\/2025\/11\/04_inicio_mitosis.jpg\" alt=\"Divisi\u00f3n celular y cromosomas\" style=\"width:100%; max-width:700px; height:auto; margin:20px auto; display:block;\"\/><\/p>\n","protected":false},"excerpt":{"rendered":"<p>Bases Gen\u00e9ticas y Epigen\u00e9ticas de la Incongruencia de G\u00e9nero Un estudio longitudinal pionero en adolescentes antes y despu\u00e9s del tratamiento [&hellip;]<\/p>\n","protected":false},"author":1,"featured_media":0,"parent":0,"menu_order":0,"comment_status":"closed","ping_status":"closed","template":"","meta":{"site-sidebar-layout":"default","site-content-layout":"","ast-site-content-layout":"default","site-content-style":"default","site-sidebar-style":"default","ast-global-header-display":"","ast-banner-title-visibility":"","ast-main-header-display":"","ast-hfb-above-header-display":"","ast-hfb-below-header-display":"","ast-hfb-mobile-header-display":"","site-post-title":"","ast-breadcrumbs-content":"","ast-featured-img":"","footer-sml-layout":"","theme-transparent-header-meta":"default","adv-header-id-meta":"","stick-header-meta":"","header-above-stick-meta":"","header-main-stick-meta":"","header-below-stick-meta":"","astra-migrate-meta-layouts":"set","ast-page-background-enabled":"default","ast-page-background-meta":{"desktop":{"background-color":"var(--ast-global-color-5)","background-image":"","background-repeat":"repeat","background-position":"center center","background-size":"auto","background-attachment":"scroll","background-type":"","background-media":"","overlay-type":"","overlay-color":"","overlay-opacity":"","overlay-gradient":""},"tablet":{"background-color":"","background-image":"","background-repeat":"repeat","background-position":"center center","background-size":"auto","background-attachment":"scroll","background-type":"","background-media":"","overlay-type":"","overlay-color":"","overlay-opacity":"","overlay-gradient":""},"mobile":{"background-color":"","background-image":"","background-repeat":"repeat","background-position":"center center","background-size":"auto","background-attachment":"scroll","background-type":"","background-media":"","overlay-type":"","overlay-color":"","overlay-opacity":"","overlay-gradient":""}},"ast-content-background-meta":{"desktop":{"background-color":"var(--ast-global-color-4)","background-image":"","background-repeat":"repeat","background-position":"center center","background-size":"auto","background-attachment":"scroll","background-type":"","background-media":"","overlay-type":"","overlay-color":"","overlay-opacity":"","overlay-gradient":""},"tablet":{"background-color":"var(--ast-global-color-4)","background-image":"","background-repeat":"repeat","background-position":"center center","background-size":"auto","background-attachment":"scroll","background-type":"","background-media":"","overlay-type":"","overlay-color":"","overlay-opacity":"","overlay-gradient":""},"mobile":{"background-color":"var(--ast-global-color-4)","background-image":"","background-repeat":"repeat","background-position":"center center","background-size":"auto","background-attachment":"scroll","background-type":"","background-media":"","overlay-type":"","overlay-color":"","overlay-opacity":"","overlay-gradient":""}},"footnotes":""},"class_list":["post-201","page","type-page","status-publish","hentry"],"_links":{"self":[{"href":"https:\/\/disforia.syf.es\/index.php?rest_route=\/wp\/v2\/pages\/201","targetHints":{"allow":["GET"]}}],"collection":[{"href":"https:\/\/disforia.syf.es\/index.php?rest_route=\/wp\/v2\/pages"}],"about":[{"href":"https:\/\/disforia.syf.es\/index.php?rest_route=\/wp\/v2\/types\/page"}],"author":[{"embeddable":true,"href":"https:\/\/disforia.syf.es\/index.php?rest_route=\/wp\/v2\/users\/1"}],"replies":[{"embeddable":true,"href":"https:\/\/disforia.syf.es\/index.php?rest_route=%2Fwp%2Fv2%2Fcomments&post=201"}],"version-history":[{"count":3,"href":"https:\/\/disforia.syf.es\/index.php?rest_route=\/wp\/v2\/pages\/201\/revisions"}],"predecessor-version":[{"id":225,"href":"https:\/\/disforia.syf.es\/index.php?rest_route=\/wp\/v2\/pages\/201\/revisions\/225"}],"wp:attachment":[{"href":"https:\/\/disforia.syf.es\/index.php?rest_route=%2Fwp%2Fv2%2Fmedia&parent=201"}],"curies":[{"name":"wp","href":"https:\/\/api.w.org\/{rel}","templated":true}]}}